 = b - 2*g. What is the greatest common divisor of a and b?
11
Let i be 4/(-16) + (-207)/(-12). Let s = -15 + i. Suppose 2*j - 6 - 22 = 0. Calculate the greatest common divisor of s and j.
2
Suppose 8*p = -74 + 194. Let v(w) = w**2 - w - 2. Let i be v(-3). Calculate the greatest common divisor of p and i.
5
Let x be (-65)/(-9) + (-2)/9. Let b be ((-18)/8)/(360/(-3360)). Calculate the highest common factor of x and b.
7
Let a = 1026 - -316. What is the highest common factor of a and 488?
122
Suppose q - r - 207 = 0, 3*q - 2*r - 132 - 490 = 0. Calculate the highest common factor of q and 13.
13
Suppose 314 - 6 = 77*b. Calculate the greatest common factor of 1352 and b.
4
Let q be 2/7 - (-5 - (-8267)/(-49)). Calculate the highest common factor of 12 and q.
6
Suppose 0 = -x + 4*x - 9. Suppose d - 21 = -4*p, -x = 3*d - 6*d + 3*p. Suppose -3*v - 25 = -28. Calculate the greatest common divisor of v and d.
1
Let q be 364/(-78)*((-3)/2 + 0). Suppose -h - 6 = -q. Calculate the greatest common divisor of 11 and h.
1
Suppose -2*t + 1055 = r, -t + 272 = 2*r - 257. Calculate the highest common factor of 34 and t.
17
Let d be -8*((-5)/(-10) - 1). Suppose -d*x + 9 = -3*x. Calculate the greatest common divisor of 63 and x.
9
Let x be 9063/45 + (-6)/15. What is the greatest common factor of x and 268?
67
Suppose -5 = -u - 3*j, 4*j - 50 + 10 = -3*u. Suppose -24*l + u*l = -32. What is the greatest common divisor of l and 20?
4
Let d(w) = w**3 + 5*w**2 + 6*w + 2. Let u be d(-4). Let s = 10 + -7. Let n be 23 + (-5 - (u + s)). What is the highest common factor of n and 63?
21
Suppose 7*p - 5*p - 14 = 0. Let s(r) = 4*r - 13. Let u be s(p). Calculate the highest common divisor of 165 and u.
15
Let p(v) = -v + 308. Let o be p(0). Suppose -o = -3*c + c. Calculate the greatest common divisor of c and 14.
14
Let w be (-3)/8*-4*2. Suppose -153 = -w*d - 0*d. Let t = 121 - d. Calculate the highest common factor of 10 and t.
10
Suppose 527*r + 270 = 537*r. What is the greatest common factor of 783 and r?
27
Suppose -30*b = 3*t - 32*b - 116, -2*t + b + 76 = 0. Calculate the highest common factor of t and 60.
12
Let z = 22 - 22. Suppose 4*u - 12 = 0, z = 5*g - 2*u - 2*u - 618. What is the highest common factor of g and 14?
14
Let j be 134/3 + (-11)/(-33). Suppose -8*k = -3*k - j. Calculate the highest common divisor of k and 99.
9
Let z(r) = 4*r + 11. Let f be z(4). Let l(x) = -4*x - 10. Suppose 0 = k + 2*k + 21. Let o be l(k). Calculate the greatest common factor of f and o.
9
Let l be 1/(-2)*(44 + -44) - -26. Let r = 32 + 7. What is the highest common factor of l and r?
13
Let g = -273 - -333. Calculate the highest common divisor of 780 and g.
60
Suppose 0 = 4*l - 12, -3*s + 0*s - 2*l = 6. Let g be ((-112)/(-64))/((-1)/s). Calculate the highest common factor of g and 7.
7
Suppose -3*y - 20 = -92. Let o = y + -62. Let n be (-6)/9 - o/3. Calculate the greatest common divisor of 6 and n.
6
Suppose 0 = 3*g - 2*g - 3. Suppose 0 = -3*j - 0*j + 3*d + 9, 0 = -j + g*d - 7. Suppose -7*r = -135 - 33. Calculate the greatest common divisor of j and r.
8
Let p(c) = -c**2 - 24*c + 39. Let z be p(-22). Let t = 110 - z. Calculate the highest common divisor of 108 and t.
27
Let a be (-4)/(-3)*(0 - -3). Suppose 2*u - 65 = -3*c, 7*u - 2*u = -2*c + 190. Suppose -400 = -a*i + u. Calculate the highest common divisor of i and 10.
10
Suppose n = 4, -4*n = -5*p + 95 - 1. Suppose -3*o = 5*s - 51, 6*s + 37 = o + s. Calculate the greatest common divisor of p and o.
22
Let o = 285 + -155. Suppose 2*z = 5*k - 270, -6*z + 15 = -9*z. What is the greatest common divisor of o and k?
26
Suppose 2*m - 2886 = -5*i, -m = 10 - 13. Calculate the greatest common factor of 72 and i.
72
Let x(q) = q + 3. Let r be x(-5). Let c be 226 + -1*(3 + r). Let u be ((-4)/(-3))/(6/c). What is the highest common divisor of u and 25?
25
Suppose 0 = -73*q - 1217 + 6473. Calculate the greatest common divisor of q and 198.
18
Let k be (12/(-18))/((-6)/2943). Suppose -2*p + k = -h, -3*p - 4*h + 498 = -3*h. Suppose 9 = -6*d + p. What is the highest common divisor of d and 130?
26
Let q = -1282 - -1376. Calculate the greatest common factor of q and 611.
47
Suppose -679*g + 675*g + 3*y + 3430 = 0, -g = -5*y - 866. Calculate the greatest common divisor of 4 and g.
4
Let d(s) = 234*s - 189. Let a be d(2). Calculate the greatest common factor of a and 27.
9
Let z = 32 - 135. Let k = z + 157. Calculate the greatest common factor of k and 18.
18
Let j be -2 + (-5260 - 4)/(-7). Calculate the highest common divisor of j and 20.
10
Suppose h + 4*r - 26 - 46 = 0, -4*r + 132 = 2*h. What is the highest common factor of h and 36?
12
Suppose 1220 = -46*g + 107*g. What is the greatest common factor of 1340 and g?
20
Let j = 18 + -8. Let k(m) = m**3 - 9*m**2 + 7*m + 10. Let p be k(8). What is the greatest common divisor of j and p?
2
Suppose -2*v - 6 = -5*a, -5*v = -5*a - 0*v. Suppose q - 56 = -2*f, 66 + a = q + 5*f. Calculate the highest common factor of 12 and q.
12
Suppose -5*c = -0*c. Let j(w) = 1 - 1 + 2*w + 10 - 8. Let v be j(c). What is the greatest common factor of v and 16?
2
Suppose 0 = -5*a - 6 + 336. Let b = -9 - 6. Let z = b + 21. Calculate the greatest common factor of a and z.
6
Let z(m) = -3*m**2 - m**3 + 0*m + 0 - 4*m + 2*m + 3. Let d be z(-3). Calculate the greatest common divisor of 63 and d.
9
Suppose 4*d + 4*t - 2284 = 0, -170*t - 1121 = -2*d - 165*t. Calculate the highest common factor of d and 497.
71
Let i be (-764)/(-14) + 4/(-7). Suppose z - i = -0*z. Calculate the highest common divisor of z and 6.
6
Let a(d) = -45*d**3 - 7*d**2 + 4. Let h be a(-2). What is the greatest common divisor of 21 and h?
21
Let n = -255 + 303. What is the greatest common divisor of 24 and n?
24
Let t = 98 - 89. What is the highest common divisor of t and 36?
9
Suppose 5*n + 45 = -4*r - r, 5*n = 4*r + 81. Suppose -8*a = 81 + 175. Let l = r - a. Calculate the highest common factor of l and 162.
18
Let v = -272 + 296. Let q(g) = g**3 + 8. Let c = -3 + 3. Let n be q(c). Calculate the greatest common factor of n and v.
8
Suppose 2*q - 50 = -2*v - 2*q, 8 = -2*q. Suppose 0 = -2*r - r + 33. Calculate the greatest common factor of v and r.
11
Let y(q) = -59*q + 2. Let j be y(-5). Let m(k) = -11*k - 94. Let t be m(-11). What is the highest common divisor of t and j?
27
Let a be (-20)/(-4)*(-8)/(-10). Let u be 416/(-9) + (-2)/(-9). Let v be (-2)/a + u/(-4). What is the greatest common divisor of 88 and v?
11
Let y be (2 - (-6)/(-2)) + 12/3. Suppose 14 - 1 = -2*c - y*a, -4*c + 5*a = -29. Calculate the highest common factor of 7 and c.
1
Suppose 234 = -0*s + 9*s. Calculate the greatest common divisor of 143 and s.
13
Let s(h) = h**2 - 13*h - 25. Let y be s(15). Suppose -y*z = 5*j + 5 - 0, 2*z = -3*j. Calculate the highest common factor of 18 and j.
2
Suppose 2*m + 16 - 124 = 0. Suppose 0 = 4*d - 4*f - 664, 5*d - 798 = 15*f - 18*f. What is the highest common factor of m and d?
54
Suppose -2*s + 3 = -s, -p + 3*s = 7. Suppose -4*j - 90 = -0*l - 3*l, -p*l - 2*j = -46. What is the greatest common factor of 208 and l?
26
Let r(k) = 54*k - 144. Let w be r(26). What is the greatest common factor of 63 and w?
63
Suppose -n + 26 = 10. Let o = 187 - 75. What is the highest common divisor of o and n?
16
Let t(z) = z**2 - 18*z - 55. Let n be t(-3). What is the highest common factor of 392 and n?
8
Let h(k) = -k**2 + 16*k - 24. Let q be h(12). Calculate the highest common factor of 696 and q.
24
Let c(a) = 3*a**3 + 14 - 4*a**3 - 15*a + 14*a. Let g be c(0). Let i be ((-63)/(-5))/((-2)/(-20)). What is the greatest common divisor of i and g?
14
Let v = 72 + -52. Suppose -66 = -5*u + 6*u. Let a = u + 166. What is the greatest common factor of v and a?
20
Suppose 2*g + 116 = f + 30, g = -1. Calculate the highest common divisor of f and 3.
3
Suppose 4*x - 3 - 1 = 0. Let z(t) = -8. Let y(j) = -j + 1. Let u(p) = -6*y(p) - z(p). Let q be u(x). Calculate the highest common factor of 16 and q.
8
Let u(x) = -x**3 + 36*x**2 - 35*x + 48. Let k be u(35). Calculate the greatest common divisor of k and 64.
16
Let q(g) = 4*g**2 - g + 3. Let x be q(8). Let z = -175 + x. Calculate the highest common divisor of z and 19.
19
Suppose -3*l + 2 = -10. Let f(q) = 15*q. Let m be f(l). What is the g